mine m(-16).
-787
Let m(r) = -3377*r - 10105. Give m(-3).
26
Let g(n) = -16*n**2 - 18*n. Calculate g(4).
-328
Let o(c) = 31*c**2 + 101*c - 16. Give o(-4).
76
Let n(b) = 11*b**2 - 23*b - 18. What is n(-6)?
516
Let m(w) = -74*w + 4. Determine m(-3).
226
Let l(i) = i**3 + 46*i**2 + 51*i + 251. Determine l(-45).
-19
Let c(l) = 4*l. What is c(-11)?
-44
Let r(z) = z**3 - z**2 - 140*z + 89. What is r(12)?
-7
Let n(y) = y**3 - 15*y**2 - 27*y - 34. Calculate n(16).
-210
Let q(x) = 83*x + 460. What is q(-6)?
-38
Let t(c) = -784*c - 40761. Give t(-52).
7
Let z(m) = m**3 - 10*m**2 - m - 12. What is z(12)?
264
Let o(f) = f**2 + 6*f - 200. Give o(8).
-88
Let y(o) = o**2 + 23*o - 253. Give y(8).
-5
Let r(u) = 49*u + 3493. What is r(-71)?
14
Let q(i) = -7*i**2 + 259*i - 1893. Give q(10).
-3
Let r(m) = -m**3 + 12*m**2 + 210*m - 2285. Determine r(10).
15
Let h(k) = -k**2 - 13*k - 54. Give h(0).
-54
Let s(z) = -26*z - 192. Calculate s(-8).
16
Let o(v) = v**2 + 90*v + 1690. Determine o(-27).
-11
Let a(f) = -338*f**3 + 2*f**2 + 65*f + 63. Determine a(-1).
338
Let k(r) = 6*r**2 - 119*r + 835. What is k(9)?
250
Let q(v) = 795*v - 4300. Give q(5).
-325
Let u(k) = -2*k**3 - 49*k**2 + 85*k + 157. Calculate u(-26).
-25
Let a(t) = 338*t - 2072. Give a(6).
-44
Let u(m) = m**3 - 19*m**2 + 11*m + 125. What is u(18)?
-1
Let h(l) = -l**2 + 455*l - 19520. Give h(48).
16
Let d(a) = 2*a**2 + 36*a + 184. What is d(-7)?
30
Let u(w) = -244*w + 33151. Give u(136).
-33
Let q(y) = -16*y + 5119. What is q(320)?
-1
Let s(y) = -4*y**2 - 223*y - 2892. Give s(-35).
13
Let r(z) = z**3 - 431*z**2 - 1728*z + 10. Give r(-4).
-38
Let m(q) = q**3 - 2*q**2 - 2*q + 78. What is m(0)?
78
Let j(z) = 58*z**2 + z. What is j(-1)?
57
Let s(z) = -267*z - 21627. Determine s(-81).
0
Let z(p) = -4*p - 74. Calculate z(35).
-214
Let b(g) = 1375*g - 19250. Give b(14).
0
Let i(z) = -225*z + 6976. Determine i(31).
1
Let l(m) = -3*m**2 - 190*m + 533. Give l(-66).
5
Let l(k) = 54*k - 2061. Give l(38).
-9
Let h(u) = 3*u**2 - 16*u + 43. What is h(8)?
107
Let i(z) = -z**2 - 2839*z + 22776. Determine i(8).
0
Let t(l) = 3*l**3 - 12*l**2 - 28*l + 3. What is t(-2)?
-13
Let y(j) = j**3 - 4*j**2 - 26*j - 34. Determine y(8).
14
Let n(o) = -o**3 + 52*o**2 - 384*o - 85. Calculate n(43).
44
Let n(w) = -w**3 - 167*w**2 - 492*w - 2. Determine n(-164).
-2
Let p(t) = t**3 - 169*t**2 - 1799*t + 1608. Determine p(179).
-3
Let u(q) = 2*q**2 + 27*q + 168. Give u(-7).
77
Let j(l) = -5*l**2 + 10*l + 18. Give j(5).
-57
Let l(g) = -23*g**2 + 253*g - 1. Give l(11).
-1
Let s(a) = -a**3 - 5*a**2 + 19*a + 67. Determine s(-6).
-11
Let m(r) = 711*r - 2123. Determine m(3).
10
Let l(h) = h**3 + 24*h**2 + 114*h + 20. Give l(-12).
380
Let m(j) = 4*j - 39. What is m(-4)?
-55
Let v(a) = -236*a - 12968. What is v(-55)?
12
Let i(d) = -2*d**2 + 278*d - 5527. Calculate i(24).
-7
Let f(b) = -b**3 - 17*b**2 - 30*b + 18. What is f(-15)?
18
Let j(f) = 45*f + 278. Determine j(-6).
8
Let f(r) = -r**3 - 9*r**2 - 9*r + 26. What is f(-8)?
34
Let a(k) = -27*k + 351. Give a(14).
-27
Let z(f) = -2*f**3 - 6*f + 3. Determine z(4).
-149
Let g(r) = -6*r**2 + 23*r + 69. What is g(11)?
-404
Let i(t) = -15*t**2 - 175*t + 25. Determine i(-12).
-35
Let r(h) = h**2 - 15*h - 9. Give r(15).
-9
Let g(p) = 47*p - 5461. What is g(116)?
-9
Let j(p) = -29*p + 235. Calculate j(9).
-26
Let r(h) = -2*h**3 + 60*h**2 - 60*h + 8. What is r(29)?
-50
Let l(z) = -68*z - 99. Determine l(-2).
37
Let g(p) = -7*p**3 + 5*p**2 - 3*p + 20. What is g(4)?
-360
Let l(g) = -50*g + 262. What is l(5)?
12
Let t(z) = z**3 + 4*z**2 - 953*z - 125. What is t(29)?
-9
Let i(q) = 32*q - 21. Determine i(-4).
-149
Let q(u) = 5*u**2 + 404*u + 297. Calculate q(-80).
-23
Let u(v) = 4*v**2 - 179*v - 1469. Give u(-7).
-20
Let s(k) = -3*k**2 - 100*k + 177. What is s(-33)?
210
Let x(i) = 5*i - 317. Calculate x(-21).
-422
Let p(x) = 6*x**2 + 55*x + 106. Give p(-7).
15
Let l(b) = -2*b**2 + 94*b + 871. Calculate l(-8).
-9
Let n(s) = 121*s - 170. Determine n(3).
193
Let b(v) = v**2 + 32*v - 197. Calculate b(-31).
-228
Let w(y) = -y**3 - 8*y**2 - 19*y - 8. Determine w(-4).
4
Let w(g) = 6*g**2 + 11*g - 1. What is w(3)?
86
Let w(o) = -4*o**2 - 561*o + 2835. Give w(5).
-70
Let m(k) = k**3 + 114. Calculate m(0).
114
Let i(j) = -24*j + 503. What is i(21)?
-1
Let p(h) = -744*h - 11905. Determine p(-16).
-1
Let j(f) = -28*f + 286. What is j(10)?
6
Let k(p) = p**2 + 23*p + 99. Determine k(-24).
123
Let d(l) = 10*l**2 - 234*l + 474. What is d(2)?
46
Let z(v) = -v**2 + 2*v + 26. Calculate z(5).
11
Let z(k) = k + 250. Calculate z(-14).
236
Let r(o) = o**3 + 397*o**2 + 1578*o + 16. What is r(-4)?
-8
Let b(x) = 4*x**2 + 12*x - 131. Determine b(4).
-19
Let x(a) = -2*a**2 - 39*a + 37. What is x(-21)?
-26
Let u(r) = -r**3 + 107*r**2 - 212*r + 214. Determine u(105).
4
Let n(o) = o**3 + 2*o**2 - 158*o - 608. Determine n(-4).
-8
Let j(h) = -2*h**3 + 44*h - 72. What is j(2)?
0
Let w(b) = 2*b**2 - 19*b - 1445. What is w(-23)?
50
Let w(m) = -m**3 - 10*m**2 + 9*m - 6. Give w(-11).
16
Let h(l) = -9*l - 339. Determine h(-33).
-42
Let q(z) = 174*z + 761. Determine q(-5).
-109
Let y(l) = 370*l + 2827. What is y(-8)?
-133
Let c(u) = 3*u**3 + 42*u**2 + 127*u - 37. What is c(-5)?
3
Let l(i) = i**2 + 21*i - 2328. Determine l(38).
-86
Let t(s) = -15*s + 101. Give t(8).
-19
Let z(q) = -q**2 - 27*q + 188. Determine z(-32).
28
Let k(q) = -2*q**3 + 339*q**2 - 1961*q - 7. Calculate k(6).
-1
Let l(u) = 71*u - 3942. Determine l(56).
34
Let w(j) = -68*j - 238. Give w(-5).
102
Let b(k) = 5*k**3 - 156*k**2 + 18*k + 407. Give b(31).
4
Let d(t) = -t**3 - t**2 + 64*t - 97. Determine d(-9).
-25
Let z(i) = -262*i - 15. Determine z(1).
-277
Let g(x) = 305*x + 2207. Determine g(-7).
72
Let x(a) = -5*a - 29. Give x(8).
-69
Let n(m) = 2*m**3 - 14*m**2 - 42*m + 334. Determine n(6).
10
Let f(s) = -2*s**2 - 209*s + 5133. Give f(-125).
8
Let v(m) = -6*m**3 - 465*m**2 - 232*m - 14. Calculate v(-77).
63
Let g(f) = f**2 - 62*f - 186. Give g(65).
9
Let h(u) = -u**2 + 34*u + 1394. Calculate h(58).
2
Let y(f) = 4*f**3 + 3*f**2 - 28*f + 9. What is y(2)?
-3
Let p(x) = -2*x**3 - 18*x + 2. What is p(0)?
2
Let l(q) = 87*q - 973. What is l(11)?
-16
Let r(u) = -19*u + 700. Calculate r(37).
-3
Let k(x) = -x**3 + 12*x**2 + 291*x - 67. Calculate k(24).
5
Let f(d) = -d**3 + 63*d**2 - 785*d + 101. Calculate f(46).
-37
Let f(k) = -5*k + 166. Determine f(26).
36
Let u(f) = -14*f**2 + 328*f - 134. Give u(23).
4
Let n(d) = 9*d**2 + 84*d - 335. Determine n(4).
145
Let g(d) = 2*d**3 - 81*d**2 + 111*d + 236. Determine g(39).
2
Let t(b) = -305*b + 25010. Give t(82).
0
Let t(q) = 2*q**3 - 201*q**2 - 310*q + 410. What is t(102)?
2
Let h(b) = b**2 - 34*b - 151. Give h(-8).
185
Let u(r) = -9*r**2 + 124*r - 9. Calculate u(14).
-37
Let n(s) = -2*s**2 - 16*s + 851. What is n(17)?
1
Let q(g) = -g**2 - 90*g + 2866. Calculate q(26).
-150
Let k(v) = -15128*v - 105892. Give k(-7).
4
Let z(u) = u**3 - 72*u**2 + 81*u - 669. Give z(71).
41
Let p(u) = -144*u + 3. What is p(1)?
-141
Let f(y) = -y**3 + 16*y**2 - 23*y + 42. What is f(15)?
-78
Let f(r) = 34*r + 48. Determine f(3).
150
Let q(j) = -3*j**3 - 5*j**2 + 31*j + 65. Give q(-2).
7
Let r(c) = -c**2 + 24*c + 545. Determine r(38).
13
Let q(u) = -2*u**2 + 230*u - 1351. Determine q(107).
361
Let n(c) = 42*c - 459. Calculate n(29).
759
Let h(n) = -166*n - 1250. What is h(-9)?
244
Let q(z) = z**2 - 13*z - 19. Calculate q(-16).
445
Let y(o) = 1001*o - 6011. Give y(6).
-5
Let g(i) = -1177*i - 8302. What is g(-7)?
-63
Let a(f) = -208*f - 1881. What is a(-9)?
-9
Let w(b) = -3*b**2 - 225*b + 5712. What is w(-95)?
12
Let i(t) = 2*t**3 - 37*t**2 + 26*t - 61. Determine i(18).
83
Let j(c) = -649*c - 14929. What is j(-23)?
-2
Let k(w) = 197*w + 3542. What is k(-18)?
-4
Let i(o) = o**3 + 19*o**2 - 74*o + 2. Calculate i(-22).
178
Let j(a) = 476*a**2 + 10947*a - 16. Determine j(-23).
7
Let a(p) = 134*p**2 + 18*p + 19. What is a(-1)?
135
Let m(r) = -r**3 - 21*r**2 - 50*r - 1. Give m(-3).
-13
Let y(m) = -72*m**2 - 282*m + 25. What is y(-4)?
1
Let j(m) = 11*m**3 - 396*m**2 - 105. What is j(36)?
-105
Let f(t) = -80*t**2 + 8*t + 8. Give f(-1).
-80
Let m(g) = -232*g + 4100. Determine m(15).
620
Let k(i) = -i**3 - 336*i**2 - 662*i + 2033. Calculate k(-334).
29
Let b(k) = k**3 - 17*k**2 + 1